ed by 562.
444
Calculate the remainder when 3787 is divided by 1127.
406
Calculate the remainder when 8486 is divided by 354.
344
Calculate the remainder when 19573 is divided by 4878.
61
Calculate the remainder when 8981 is divided by 44.
5
Calculate the remainder when 15689 is divided by 475.
14
Calculate the remainder when 60121 is divided by 6012.
1
What is the remainder when 22427 is divided by 3736?
11
What is the remainder when 1430 is divided by 546?
338
Calculate the remainder when 10365 is divided by 57.
48
What is the remainder when 19408 is divided by 9699?
10
What is the remainder when 1359 is divided by 784?
575
What is the remainder when 158161 is divided by 15814?
21
Calculate the remainder when 1020314 is divided by 280.
274
Calculate the remainder when 48175 is divided by 365.
360
Calculate the remainder when 1543231 is divided by 308644.
11
What is the remainder when 10414 is divided by 93?
91
Calculate the remainder when 745350 is divided by 119.
53
What is the remainder when 804 is divided by 650?
154
What is the remainder when 10824 is divided by 95?
89
Calculate the remainder when 252882 is divided by 733.
730
What is the remainder when 2121 is divided by 53?
1
Calculate the remainder when 6983 is divided by 6922.
61
What is the remainder when 467 is divided by 446?
21
Calculate the remainder when 8013 is divided by 802.
795
What is the remainder when 14858 is divided by 1242?
1196
Calculate the remainder when 36660 is divided by 1927.
47
Calculate the remainder when 507777 is divided by 182.
179
Calculate the remainder when 3924 is divided by 503.
403
What is the remainder when 142314 is divided by 2?
0
What is the remainder when 15519 is divided by 118?
61
Calculate the remainder when 27988 is divided by 55.
48
What is the remainder when 9219 is divided by 412?
155
What is the remainder when 57535 is divided by 58?
57
What is the remainder when 3337 is divided by 356?
133
Calculate the remainder when 28133 is divided by 218.
11
What is the remainder when 419848 is divided by 150?
148
Calculate the remainder when 3159 is divided by 626.
29
What is the remainder when 12872 is divided by 8?
0
What is the remainder when 32743 is divided by 166?
41
Calculate the remainder when 733753 is divided by 7.
6
What is the remainder when 932926 is divided by 32?
30
Calculate the remainder when 11936 is divided by 1190.
36
Calculate the remainder when 81042 is divided by 14.
10
What is the remainder when 3279176 is divided by 155?
151
Calculate the remainder when 500587 is divided by 50057.
17
Calculate the remainder when 67088 is divided by 16766.
24
Calculate the remainder when 6848 is divided by 67.
14
What is the remainder when 80816 is divided by 341?
340
What is the remainder when 8977 is divided by 1227?
388
Calculate the remainder when 14687 is divided by 41.
9
What is the remainder when 315475 is divided by 44?
39
Calculate the remainder when 13783 is divided by 1067.
979
Calculate the remainder when 4712 is divided by 670.
22
Calculate the remainder when 1448549 is divided by 870.
869
Calculate the remainder when 57097 is divided by 163.
47
What is the remainder when 2285 is divided by 56?
45
What is the remainder when 2290 is divided by 2276?
14
Calculate the remainder when 8032 is divided by 619.
604
What is the remainder when 2765 is divided by 983?
799
Calculate the remainder when 46785 is divided by 167.
25
What is the remainder when 50901 is divided by 25436?
29
Calculate the remainder when 7390 is divided by 133.
75
What is the remainder when 256621 is divided by 5578?
33
What is the remainder when 70688 is divided by 30?
8
What is the remainder when 3336 is divided by 3329?
7
What is the remainder when 537 is divided by 120?
57
Calculate the remainder when 5269 is divided by 798.
481
Calculate the remainder when 12797944 is divided by 54.
52
What is the remainder when 21938 is divided by 203?
14
Calculate the remainder when 1743 is divided by 938.
805
Calculate the remainder when 55555 is divided by 1157.
19
What is the remainder when 12669 is divided by 6313?
43
What is the remainder when 1035 is divided by 87?
78
What is the remainder when 83154 is divided by 9?
3
Calculate the remainder when 1074 is divided by 355.
9
Calculate the remainder when 560 is divided by 258.
44
What is the remainder when 18452 is divided by 160?
52
What is the remainder when 209259 is divided by 142?
93
Calculate the remainder when 9862 is divided by 754.
60
What is the remainder when 3435035 is divided by 11?
10
What is the remainder when 146077 is divided by 589?
5
Calculate the remainder when 32511 is divided by 759.
633
What is the remainder when 32300 is divided by 109?
36
What is the remainder when 32440 is divided by 315?
310
Calculate the remainder when 2026 is divided by 159.
118
What is the remainder when 20600 is divided by 20580?
20
Calculate the remainder when 2226 is divided by 72.
66
Calculate the remainder when 49494 is divided by 44.
38
Calculate the remainder when 3950 is divided by 592.
398
Calculate the remainder when 51125 is divided by 86.
41
What is the remainder when 225 is divided by 199?
26
What is the remainder when 6813 is divided by 87?
27
What is the remainder when 4896 is divided by 16?
0
Calculate the remainder when 5393 is divided by 71.
68
Calculate the remainder when 10577 is divided by 1511.
0
Calculate the remainder when 799 is divided by 159.
4
What is the remainder when 1815 is divided by 876?
63
What is the remainder when 3241795 is divided by 239?
238
Calculate the remainder when 1546424 is divided by 331.
323
Calculate the remainder when 3576 is divided by 949.
729
What is the remainder when 20625 is divided by 2740?
1445
Calculate the remainder when 17771 is divided by 495.
446
What is the remainder when 7098 is divided by 296?
290
What is the remainder when 2234 is divided by 374?
364
Calculate the remainder when 145529 is divided by 145496.
33
Calculate the remainder when 43886 is divided by 1185.
41
What is the remainder when 189929 is divided by 103?
100
Calculate the remainder when 20533 is divided by 1465.
23
What is the remainder when 294 is divided by 69?
18
Calculate the remainder when 1618872 is divided by 30.
12
Calculate the remainder when 953 is divided by 220.
73
What is the remainder when 3533 is divided by 962?
647
What is the remainder when 110306 is divided by 46?
44
What is the remainder when 2233 is divided by 40?
33
Calculate the remainder when 13890 is divided by 979.
184
Calculate the remainder when 328795 is divided by 13.
12
Calculate the remainder when 11531 is divided by 42.
23
Calculate the remainder when 1234 is divided by 382.
88
What is the remainder when 1669 is divided by 458?
295
What is the remainder when 5388 is divided by 1102?
980
Calculate the remainder when 2152 is divided by 655.
187
What is the remainder when 2111 is divided by 91?
18
Calculate the remainder when 1615809 is divided by 22.
19
What is the remainder when 66408 is divided by 11065?
18
Calculate the remainder when 818368 is divided by 189.
187
Calculate the remainder when 84342 is divided by 27.
21
What is the remainder when 11803 is divided by 3934?
1
Calculate the remainder when 1820 is divided by 366.
356
Calculate the remainder when 328177 is divided by 10.
7
Calculate the remainder when 18121 is divided by 727.
673
What is the remainder when 10947 is divided by 1344?
195
What is the remainder when 165 is divided by 57?
51
Calculate the remainder when 517546 is divided by 26.
16
What is the remainder when 4677 is divided by 1551?
24
What is the remainder when 16697 is divided by 64?
57
Calculate the remainder when 2698 is divided by 899.
1
Calculate the remainder when 2211 is divided by 2128.
83
Calculate the remainder when 33126 is divided by 101.
99
Calculate the remainder when 82280 is divided by 2.
0
Calculate the remainder when 882254 is divided by 882233.
21
Calculate the remainder when 3120 is divided by 174.
162
What is the remainder when 42389 is divided by 4?
1
Calculate the remainder when 48915 is divided by 494.
9
Calculate the remainder when 8031 is divided by 52.
23
What is the remainder when 386899 is divided by 1697?
1680
What is the remainder when 5871 is divided by